5?
114
In base 4, what is 2010200 + -2?
2010132
In base 13, what is -a67 + 0?
-a67
In base 13, what is 1c - -171?
190
In base 7, what is 3635 - 6?
3626
In base 8, what is 116 - 16?
100
In base 7, what is 144 - -3?
150
In base 2, what is -1000 + -10111?
-11111
In base 14, what is 5 + 172?
177
In base 9, what is 5 + -4301?
-4285
In base 12, what is 5 + 74?
79
In base 9, what is 2 - -121?
123
In base 8, what is 233 - -2?
235
In base 4, what is -3 + -11031?
-11100
In base 8, what is 70 - 12?
56
In base 2, what is 1101 + 11010?
100111
In base 15, what is -2d5 + 1?
-2d4
In base 16, what is 0 - -11d?
11d
In base 14, what is 5 + 42?
47
In base 15, what is 387 - 1?
386
In base 6, what is 24 + -2532?
-2504
In base 16, what is -11 + -56?
-67
In base 13, what is 17 + -67?
-50
In base 11, what is a - 347?
-338
In base 13, what is -1 - -297?
296
In base 9, what is 4 + 38?
43
In base 12, what is 4 + -44?
-40
In base 6, what is -345 + -1?
-350
In base 10, what is -3 + -20?
-23
In base 5, what is -2342 - 2?
-2344
In base 16, what is b + -4?
7
In base 13, what is 364 + 1?
365
In base 8, what is 0 + -33?
-33
In base 10, what is -824 + -5?
-829
In base 7, what is 61355 - 3?
61352
In base 11, what is -7879 + -4?
-7882
In base 6, what is 11132 + 2?
11134
In base 11, what is -1 - 537?
-538
In base 9, what is 36 - -27?
64
In base 10, what is 23 - 127?
-104
In base 8, what is 3 + -2177?
-2174
In base 13, what is 2615 - -5?
261a
In base 10, what is -161 - -3?
-158
In base 9, what is -4 + 3464?
3460
In base 9, what is -1 - 157?
-158
In base 9, what is -16 + -34?
-51
In base 7, what is 6 + 142?
151
In base 13, what is 39c + 0?
39c
In base 10, what is 87 + -2?
85
In base 9, what is 8175 - 0?
8175
In base 2, what is -10 - -100110100110?
100110100100
In base 12, what is 2 + 305?
307
In base 6, what is -2 + 2300?
2254
In base 14, what is 16 + 11?
27
In base 15, what is 4 + 25?
29
In base 10, what is -63 + -64?
-127
In base 3, what is 211 + -11001?
-10020
In base 4, what is 201 + -10231?
-10030
In base 9, what is 420 + -1?
418
In base 16, what is 5e + -c?
52
In base 4, what is 3 + 322?
331
In base 9, what is 170 + -44?
125
In base 10, what is -2 - 8?
-10
In base 15, what is -50 + -4?
-54
In base 9, what is -5 + 1?
-4
In base 13, what is -2 + -6?
-8
In base 3, what is -11 + 101012?
101001
In base 5, what is 302 + -2?
300
In base 4, what is 20311 - 2?
20303
In base 11, what is 29 + 70?
99
In base 3, what is -1221 - -20?
-1201
In base 14, what is -283 + -2?
-285
In base 13, what is -ca1c + -5?
-ca24
In base 11, what is -93 - -41?
-52
In base 3, what is 22222 + -200?
22022
In base 13, what is 3 - 64?
-61
In base 8, what is 25 - -467?
514
In base 10, what is 14 - 730?
-716
In base 4, what is -21 - -212?
131
In base 2, what is 1011010110110 - 0?
1011010110110
In base 12, what is 8 - 0?
8
In base 13, what is a6 - -1?
a7
In base 2, what is 1000001 + -110011?
1110
In base 14, what is 8 + -d?
-5
In base 6, what is -255 - 5?
-304
In base 7, what is -45102 - 1?
-45103
In base 11, what is -1 + 78?
77
In base 13, what is 194 - 1b?
176
In base 10, what is 1 + 6?
7
In base 7, what is 1 - 3346?
-3345
In base 14, what is -2 - -26?
24
In base 3, what is -1 + 1122?
1121
In base 9, what is 0 - 2216?
-2216
In base 4, what is 1 - 10?
-3
In base 10, what is 1 - -78?
79
In base 14, what is -1 - -89?
88
In base 11, what is -3 - -1533?
1530
In base 12, what is 19 - 30?
-13
In base 3, what is -2020 - 121?
-2211
In base 10, what is 37 - 1?
36
In base 11, what is -9 - -4?
-5
In base 16, what is -1 - 7dd?
-7de
In base 4, what is 2 + 3023?
3031
In base 2, what is -11011010 - 10100?
-11101110
In base 8, what is -5404 - 10?
-5414
In base 12, what is 13 - a6?
-93
In base 16, what is 4 - -280?
284
In base 5, what is -3 + -323?
-331
In base 7, what is -134 + 5?
-126
In base 3, what is 11011122 - 2?
11011120
In base 11, what is -6 - -473?
468
In base 9, what is 204 + -20?
174
In base 16, what is 0 - 8f?
-8f
In base 6, what is 2553 + -4?
2545
In base 4, what is 1 - 10021?
-10020
In base 13, what is 92 - 0?
92
In base 12, what is 103 + -a?
b5
In base 9, what is -5 + -184?
-200
In base 3, what is -1210 + -11212?
-20122
In base 2, what is -1 - -10110100011?
10110100010
In base 16, what is 3 - 4db?
-4d8
In base 11, what is -19 - -3?
-16
In base 12, what is -38 - -b0?
74
In base 3, what is -10 - 10010?
-10020
In base 9, what is -1056 - -16?
-1040
In base 3, what is 1200202 - 111?
1200021
In base 2, what is -101 - 1111?
-10100
In base 8, what is 14720 + -5?
14713
In base 2, what is 1011001000 - -100?
1011001100
In base 15, what is -15d7 - 8?
-15e0
In base 11, what is -91 + -6?
-97
In base 4, what is 21201 + 10?
21211
In base 4, what is -3021 - -2?
-3013
In base 14, what is -1 + -40?
-41
In base 3, what is -120 + 20?
-100
In base 13, what is -194 - 2?
-196
In base 9, what is 126048 - 0?
126048
In base 6, what is 3 - 345?
-342
In base 11, what is 23 - 92?
-6a
In base 9, what is -15414 - -1?
-15413
In base 11, what is -5 + -23?
-28
In base 3, what is 102 - -10?
112
In base 13, what is 5 + 1?
6
In base 13, what is -5 - 10?
-15
In base 4, what is 11 + 111?
122
In base 14, what is -3dc + 8?
-3d4
In base 3, what is 101012 + 2?
101021
In base 7, what is -46 - -152?
103
In base 12, what is 3 - 644?
-641
In base 3, what is 10010 + -12?
2221
In base 8, what is 6 - -51?
57
In base 2, what is -100 - -10111011?
10110111
In base 2, what is -11000101000 - -1?
-11000100111
In base 2, what is 100110010 + 11000?
101001010
In base 12, what is -6 - -19?
13
In base 11, what is -4 + 110?
107
In base 9, what is 1 + 32?
33
In base 5, what is -14113 - 10?
-14123
In base 14, what is -2 + -371?
-373
In base 11, what is -138 + 8?
-130
In base 16, what is 145 + -4?
141
In base 2, what is 1001 + -11101?
-10100
In base 2, what is 1111101010 + 101?
1111101111
In base 3, what is 21001110 - -10?
21001120
In base 9, what is -5 + -5463?
-5468
In base 10, what is -13 + -43?
-56
In base 11, what is -148 + -8?
-155
In base 6, what is 10 - -14114?
14124
In base 16, what is -134 + -9?
-13d
In base 14, what is 106 - 2?
104
In base 4, what is 3213 - 1?
3212
In base 5, what is -4401 + -2?
-4403
In base 5, what is 40 - -111?
201
In base 12, what is -4 + -75?
-79
In base 9, what is -264 + -2?
-266
In base 10, what is -2 + -21?
-23
In base 7, what is 15 + -46?
-31
In base 12, what is 6 + -569?
-563
In base 2, what is 101 + 10101111?
10110100
In base 14, what is 26 - 0?
26
In base 4, what is 131 - 0?
131
In base 14, what is -2 + -30?
-32
In base 16, what is -4 + -43?
-47
In base 16, what is 3 + c1c?
c1f
In base 9, what is -8 - -75?
66
In base 8, what is -4113 - -1?
-4112
In base 3, what is 21 - -20?
111
In base 13, what is -24 + 9?
-18
In base 6, what is -3 + 341?
334
In base 14, what is 0 + 4d1?
4d1
In base 11, what is 7 - 33?
-27
In base 10, what is 93 - 42?
51
In base 15, what is 5e + -7?
57
In base 3, what is -21 - -12222?
12201
In base 9, what is -323 + -2?
-325
In base 6, what is -1 + -1?
-2
In base 15, what is -88 + e?
-79
In base 5, what is 12 - 30?
-13
In base 3, what is 22012 - -1?
22020
In base 14, what is -5 + 57?
52
In base 5, what is -1 - 133?
-134
In base 9, what is 4 - 117?
-113
In base 15, what is -1 - 57?
-58
In base 3, what is 2101220 + 120?
2102110
In base 14, what is c1b - -a?
c27
In base 10, what is 2 + 1807?
1809
In base 8, what is 3 - -242?
245
In base 14, what is 3 - -3d8?
3db
In base 11, what is 0 - 238?
-238
In base 13, what is -126c4 - -5?
-126bc
In base 16, what is 4 - -d?
11
In base 3, what is 11 + 122002?
122020
In base 16, what is 1614 - -1?
1615
In base 15, what is 19 - b?
d
In base 7, what is -24251 - -3?
-24245
In base 10, what is 87 - -3?
90
In base 14, what is 2 + -29?
-27
In base 3, what is -100 + 201?
101
In base 15, what is 76 - -76?
ec
In base 14, what is 5 + -46?
-41
In base 4, what is 33 + -100?
-1
In base 7, what is -4 - 24?
-31
In base 4, what is -20023 + 33?
-13330
In base 6, what is 4 - -1210?
1214
In base 6, what is 0 + 434?
434
In base 4, what is 133 + 12?
211
In base 13, what is 5 + 39?
41
In base 10, what is -8 + 16?
8
In base 4, what is 321 + 11?
332
In base 16, what is -3d - -4?
-39
In base 7, what is -2302 - 4?
-2306
In base 10, what is 1811 - 2?
1809
In base 14, what is -3 + 138b?
1388
In base 12, what is a72